 factor of j and k?
28
Let k(v) = v**2 - 6*v - 40. Let w be -4 + ((-8)/1 - (7 + -11)). Let q be k(w). What is the highest common factor of q and 252?
36
Let a = 8719 - 8605. What is the highest common divisor of 3382 and a?
38
Suppose 164 = 4*t - 4*o, 5*t - 54 - 154 = 2*o. Calculate the greatest common factor of 672 and t.
42
Let g be (603/(-1206))/(-2 + (-54)/(-56)*2). What is the greatest common factor of 427 and g?
7
Suppose 6*n + 56*n - 600 = 12*n. Calculate the highest common divisor of 2004 and n.
12
Let x be 35/28 + (-3500)/(-16). Suppose 0 = 2*f + 2*d - 266, d = 2*f - 134 - 129. What is the highest common divisor of f and x?
44
Let w(f) = -3*f + 4. Suppose 0*y = -2*l - 4*y - 30, 0 = -5*l - 3*y - 47. Let i be w(l). Let h = 1784 + -1559. Calculate the highest common divisor of i and h.
25
Let p(c) = 22*c**2 + 25*c - 2. Let d be p(-2). What is the highest common factor of d and 630?
18
Let l(k) = -46*k - 1. Let g be l(-1). Let c(j) = -39*j**3 - 2*j**2 - 2*j + 4. Let d be c(2). Let n = 335 + d. What is the highest common divisor of n and g?
15
Let l(q) = 2*q**3 + 16*q**2 + 4*q - 2. Let j be l(-5). Let a = -179 + 259. Calculate the highest common divisor of a and j.
16
Suppose 99*m - 10668 = -67*m + 39*m. What is the greatest common divisor of 4564 and m?
28
Let f = -5 - -44. Let p = 47 - f. Let t = 135 + -95. What is the highest common factor of p and t?
8
Let w = -3431 - -3435. What is the highest common divisor of 28 and w?
4
Suppose -51*b + 63*b - 24 = 0. Suppose 3*y - 8*y + 256 = b*m, -y - 5*m = -42. What is the greatest common factor of y and 4?
4
Let d(o) = -o**3 + 17*o**2 + 17*o + 20. Let c be d(18). Suppose -2*s + 138 = 5*q, -c*q = -3*q + 2. What is the greatest common factor of s and 16?
16
Suppose 0*q - 4*q - 4*x - 1360 = 0, 0 = 3*q + x + 1018. Let z = -218 - q. Let n = -117 + z. What is the greatest common factor of n and 20?
4
Let b = 207 - 193. Suppose -o + 1 - 43 = 0. Let i = o + 49. Calculate the greatest common divisor of i and b.
7
Suppose 258*l + 12 = 254*l, -4*c = -3*l - 261. Calculate the greatest common divisor of 3 and c.
3
Let d(g) = 317*g + 661. Let h be d(-2). What is the greatest common factor of 27 and h?
27
Let w be (232/522)/(3/594). Suppose -2*a - 3*m + 37 = 0, -3*a + 5*m + 0*m = -8. Calculate the highest common divisor of w and a.
11
Let k(y) = 42*y + 84. Let g be k(-2). Let c be (230/8 - 3/4) + g. What is the greatest common divisor of c and 434?
14
Suppose -d = 3*i - 0*i + 8, 0 = 3*i. Let o be (-3)/((-4)/(-16) - (-14)/d). Calculate the greatest common factor of 16 and o.
2
Let n be (12 - 11)*(-1 + 6). Suppose -2*u + 196 = f, 0 = 2*u - n*f - 149 - 59. What is the highest common factor of u and 22?
11
Let v be ((-45)/39 - -1) + (-18278)/(-169). What is the highest common divisor of 192 and v?
12
Let b = 72 + 108. Suppose 2*q - 450 = -5*v, 5*q - 9*q - b = -2*v. What is the greatest common factor of v and 10?
10
Let b(a) = -9*a - 54. Let n be b(-28). Let j = 246 - n. What is the greatest common factor of j and 96?
48
Let r = 18 + 72. Suppose -3*p + 62 = -5*l, p - r = -3*p + 3*l. Suppose 555 = 7*o - 285. Calculate the highest common factor of p and o.
24
Suppose 28*d - 23588 = 26644 + 83580. What is the greatest common factor of 18 and d?
9
Suppose -l + 4330 = -4*s, -5*l + 5*s - 3719 = -25369. Calculate the greatest common divisor of l and 20.
10
Let u(v) = -310*v + 5. Let d = -105 - -104. Let t be u(d). Suppose -6 = -3*b + 99. What is the highest common factor of b and t?
35
Let c be ((-713)/21 - (-12)/(-378)*-9)*-6. What is the highest common factor of 10 and c?
2
Let x(c) = -230*c - 1458. Let l be x(-11). Calculate the highest common divisor of l and 48.
16
Suppose 703*l + t = 700*l + 51, -3*t = l - 1. What is the highest common divisor of 21869 and l?
19
Let i be 24 - (0/(-1))/(-2). Let r be (-60)/i*1380/(-25). Calculate the greatest common divisor of 161 and r.
23
Suppose 5*s = s - 324. Let r(i) = 174*i - 614. Let j be r(3). Let p = s - j. Calculate the greatest common divisor of 88 and p.
11
Suppose 11 = 2*l - 97. Suppose 0 = 5*n + 2*d - 652, -4*n + 520 = -0*n + 2*d. Suppose n*u = 134*u - 162. Calculate the greatest common factor of u and l.
27
Let w(l) = l**3 + 2*l**2 - 2*l - 2. Let n(f) = 2*f + 1. Let k be n(-1). Let g be w(k). Suppose -73 = -9*h - 1. Calculate the highest common factor of h and g.
1
Let y = -36 + 168. Suppose 5*u - 24 = 16. Suppose -4*m + y - u = 0. Calculate the greatest common factor of 124 and m.
31
Suppose -964 = -15*x - 334. Calculate the highest common factor of 1330 and x.
14
Let a be (-56)/(-2)*((-15)/(-2) + -1). Suppose -2*l - 8 - 22 = 0. Let t = l - -28. What is the highest common divisor of a and t?
13
Suppose -2*c + 31 + 139 = 0. Let h = 185 - 129. Suppose 0 = -3*a - m + h, 0*m = -2*a + 2*m + 24. Calculate the greatest common divisor of a and c.
17
Let l(f) = -f**3 + 59*f**2 - 123*f + 517. Let a be l(57). What is the greatest common factor of 716 and a?
4
Suppose 2*q - 12 = -4*d, 4*d - 8 = -q + 2. Let z be 8*d/(-36) + (-80)/(-18). Calculate the highest common factor of z and 74.
2
Let c be ((-6)/(-4)*6212/3)/((-390)/(-975)). What is the greatest common factor of c and 5?
5
Let q(n) = 2*n - 8. Let j be q(6). Suppose -97 = -17*s - 12. Suppose -2*u + 4*o - 3 = -u, j*o + 49 = s*u. Calculate the greatest common divisor of u and 39.
13
Suppose -52 - 13 = 10*x - 105. Suppose 4*z + z - 860 = 0. What is the greatest common factor of x and z?
4
Let k(d) = -9*d + 271. Let h be k(28). Let s(z) = -z**3 - z**2 - 2*z + 551. Let o be s(0). Calculate the highest common factor of h and o.
19
Let j(u) = -u**2 - 18*u - 3. Let x be j(-15). Let i = -53 - -59. Let p be (-11)/((-11)/14)*27/i. What is the greatest common divisor of p and x?
21
Let n = -381 + 407. Suppose -i + 3*i = n. What is the greatest common divisor of 221 and i?
13
Suppose 2*w + 5*y = 5*w - 11, -4*y = -w + 6. Suppose 4*o + 2*b - 410 = 0, w*o - 2*b + 515 = 7*o. What is the highest common factor of o and 280?
35
Let b = 29489 - 20689. What is the greatest common divisor of 132 and b?
44
Suppose -2*x - x + 4*p - 44 = 0, -x - 24 = p. Let a = x - -19. Let l be ((-10)/5 - 2)*a. Calculate the greatest common divisor of 16 and l.
4
Let y be 0 + -10 + (-36942)/(-47). What is the highest common factor of y and 44?
4
Suppose -379*v = -93003 - 610. What is the highest common divisor of v and 26429?
247
Let v be (-2 + 1)*2 - -5. Suppose -v*m - 78 = -4*z, -2*m + 18 + 7 = z. Let p(h) = 344*h - 2745. Let f be p(8). What is the greatest common divisor of f and z?
7
Let x = -9 + 219. Suppose 10 = -y + 3*y. Suppose -4*f - y*c = -66, 2*f - 47*c = -48*c + 30. Calculate the highest common divisor of x and f.
14
Suppose -4*c - 2248 = 120*q - 125*q, 0 = c + 2. Calculate the greatest common divisor of q and 1400.
56
Let y(q) = -q**3 - 10*q**2 - 3*q - 23. Let x be y(-10). Let o(a) = 57*a - 19. Let n be o(x). Calculate the highest common divisor of 20 and n.
20
Let f(y) be the third derivative of 31*y**4/8 - 7*y**3/6 + 210*y**2. Let w be f(3). Let v be 17/(5/2 - 2). Calculate the highest common factor of w and v.
34
Let i(y) = y**3 + 14*y**2 + 22*y - 10. Let t be i(-12). Suppose -32*n + 25*n + t = 0. Calculate the highest common divisor of 15 and n.
1
Let p(s) = 129*s**3 - 8*s**2 - 36*s + 75. Let d be p(2). Calculate the highest common divisor of d and 68.
17
Let w(x) = -25*x**3 + x**2 - 34*x - 64. Let b be w(-2). What is the highest common factor of b and 169?
13
Let w(z) = -13*z - 74. Let v = -98 - -116. Suppose -3*o + 345 = -v*o. Let d be w(o). Calculate the greatest common divisor of 25 and d.
25
Suppose 4*w = 3*n - 11865, 7910 = 2*n - 0*n - 5*w. What is the greatest common factor of n and 70?
35
Let w(y) = y**3 + 41*y**2 - 44*y + 164. Let u be w(-42). Let r = u + -242. Calculate the highest common factor of 6 and r.
6
Suppose 0*o - 4*o - 2276 = 5*w, -w + o = 448. Let n = w - -747. What is the greatest common divisor of 59 and n?
59
Let y be -19*(32/(-3) + 104/39). What is the greatest common divisor of y and 2508?
76
Suppose 7*m + 4166 = 10*m + 5*q, 0 = m - 4*q - 1383. What is the highest common factor of 133 and m?
19
Let h be (-12)/8 + 6/(-4). Let n(i) = i**2 - 4*i - 1. Let d be n(h). Suppose 8*p + 47 = 367. Calculate the highest common facto